de 239726566?
False
Is 25750890 a multiple of 14?
False
Is 336987651 a multiple of 77?
True
Does 30 divide 25889770?
False
Is 3868055 a multiple of 33?
False
Does 2859 divide 32046531?
True
Is 6815816 a multiple of 21?
False
Is 45332576 a multiple of 613?
True
Is 421 a factor of 44815871?
True
Is 21 a factor of 406780392?
False
Does 52 divide 78719108?
True
Is 534 a factor of 371647955?
False
Is 530736633 a multiple of 21?
True
Does 1046 divide 326850?
False
Does 23 divide 11491352?
True
Does 1672 divide 15693720?
False
Does 147 divide 10541747?
False
Does 502 divide 2462628268?
True
Is 419 a factor of 2178626427?
False
Is 36008775 a multiple of 2475?
True
Is 67 a factor of 203425333?
True
Is 112842686 a multiple of 109?
True
Is 52 a factor of 27693640?
True
Does 30 divide 316618260?
True
Does 12 divide 536067087?
False
Does 408 divide 29292768?
True
Does 12 divide 1711704?
True
Is 104117168 even?
True
Is 2063911936 a multiple of 19?
True
Is 20276627 a multiple of 7?
True
Does 17 divide 3216451731?
True
Does 85 divide 7779981848?
False
Is 159125441 a multiple of 342?
False
Does 14 divide 55749176?
True
Is 16 a factor of 162928336?
True
Is 144454278 a multiple of 20?
False
Is 717 a factor of 23267367?
True
Does 279 divide 9086255?
False
Is 54 a factor of 117453402?
True
Is 23 a factor of 2607168312?
True
Is 75490850 a multiple of 298?
True
Does 82 divide 3730086?
False
Is 25835880 a multiple of 15?
True
Does 58 divide 103718790?
True
Is 46 a factor of 492103354?
True
Is 1419 a factor of 4005124662?
True
Does 6 divide 7243053?
False
Is 369276947 a multiple of 56?
False
Is 7243128 a multiple of 503?
False
Is 18399963 a multiple of 1029?
False
Does 20 divide 25552900?
True
Is 619 a factor of 693351804?
True
Is 607877152 a multiple of 19?
False
Does 152 divide 806791376?
True
Does 178 divide 61324124?
False
Does 8 divide 351281744?
True
Is 971 a factor of 101608881?
False
Is 42701546 a multiple of 15?
False
Is 3975 a factor of 37096767?
False
Is 40028720 a multiple of 235?
False
Is 2415 a factor of 8249640?
True
Does 17 divide 123321791?
True
Is 7 a factor of 59676671?
False
Is 727 a factor of 220575869?
False
Is 1371 a factor of 4471131249?
True
Does 6182 divide 2328815038?
True
Does 7 divide 9363492?
False
Is 11142007 a multiple of 4?
False
Is 5210438 a multiple of 59?
False
Does 4253 divide 84643794?
False
Does 18 divide 47361136?
False
Does 8 divide 1992954828?
False
Does 143 divide 785815745?
True
Is 1563416251 a multiple of 580?
False
Is 40150636 a multiple of 5?
False
Does 91 divide 73362926?
True
Does 11 divide 4671841207?
True
Does 9 divide 19526715?
True
Does 34 divide 315819302?
True
Does 15 divide 26165145?
True
Is 2034158819 a multiple of 5834?
False
Does 245 divide 33610221?
False
Is 2158 a factor of 2191753278?
True
Is 3 a factor of 1027032961?
False
Is 483 a factor of 77002758?
True
Is 689 a factor of 138410756?
False
Does 780 divide 2334923760?
True
Does 1514 divide 569266100?
False
Does 35 divide 46754938?
False
Is 4 a factor of 162182477?
False
Does 4 divide 13323438?
False
Is 475961084 a multiple of 727?
True
Does 44 divide 133507995?
False
Is 1510 a factor of 28597890?
True
Does 231 divide 326622681?
True
Does 56 divide 338647456?
True
Does 2205 divide 394990449?
False
Is 268 a factor of 1517148?
True
Does 141 divide 1162189398?
True
Is 34016344 a multiple of 139?
False
Is 12299803 a multiple of 9?
False
Does 446 divide 333739570?
True
Is 900948271 a multiple of 815?
False
Is 19371371 a multiple of 5?
False
Is 377841509 a multiple of 333?
False
Is 53415596 a multiple of 130?
False
Is 62008092 a multiple of 636?
True
Is 5 a factor of 7990325?
True
Is 18820032 a multiple of 96?
True
Does 55 divide 54962545?
True
Is 1038829003 a multiple of 1091?
False
Is 9308 a factor of 1119163450?
False
Does 164 divide 516531771?
False
Does 8 divide 1505572872?
True
Does 157 divide 19587636?
False
Is 52 a factor of 558447448?
True
Is 598615249 a multiple of 1244?
False
Does 502 divide 23027369?
False
Does 152 divide 48941117?
False
Is 19807350 a multiple of 5?
True
Does 6 divide 39079587?
False
Is 244681255 a multiple of 119?
True
Is 9455786 a multiple of 4?
False
Is 674578524 even?
True
Does 769 divide 26811954?
True
Is 8 a factor of 217248488?
True
Does 659 divide 31415835?
False
Is 46704840 a multiple of 2548?
True
Does 10 divide 723358474?
False
Is 158667095 a multiple of 9?
False
Does 103 divide 35991084?
True
Is 27 a factor of 3507842?
False
Does 2187 divide 662590877?
False
Does 84 divide 12895428?
True
Is 1007255200 a multiple of 107?
True
Does 5 divide 1533651?
False
Does 30 divide 2366697428?
False
Is 605 a factor of 496335950?
True
Does 518 divide 295401883?
False
Is 47291712 a multiple of 16?
True
Is 44415639 a multiple of 313?
True
Is 38716718 a multiple of 2774?
True
Is 130 a factor of 470899000?
True
Is 7775616 a multiple of 31?
False
Is 222 a factor of 2810298?
True
Does 4 divide 44462388?
True
Is 2980 a factor of 58976956?
False
Does 727 divide 22984105?
True
Is 630750120 a multiple of 2478?
True
Does 343 divide 30445378?
False
Is 32 a factor of 8898624?
True
Does 124 divide 65860368?
True
Is 54645100 a multiple of 191?
True
Does 171 divide 157314357?
True
Is 193884 a multiple of 2?
True
Is 234 a factor of 69156594?
True
Is 605457060 a multiple of 12?
True
Is 13286365 a multiple of 5?
True
Is 362 a factor of 6499110?
False
Is 166 a factor of 2217442110?
True
Is 3 a factor of 13178448?
True
Is 306663690 a multiple of 50?
False
Does 64 divide 180129664?
True
Does 1569 divide 3773223771?
True
Does 2 divide 431140924?
True
Does 115 divide 33718690?
True
Does 1520 divide 32763600?
True
Does 8 divide 34309177?
False
Is 425194029 a multiple of 801?
True
Is 27754020 a multiple of 60?
True
Does 321 divide 137518443?
False
Does 17 divide 424227282?
True
Is 2642666262 a multiple of 57?
True
Is 13816402 a multiple of 402?
False
Is 118535206 a multiple of 39?
False
Does 17 divide 4593689?
True
Is 1249976000 a multiple of 52?
True
Does 925 divide 3203120525?
True
Is 5475901765 a multiple of 792?
False
Is 26 a factor of 578938253?
False
Does 236 divide 607561704?
True
Is 63747270 a multiple of 12?
False
Does 1338 divide 53746372?
False
Is 235 a factor of 1904369872?
False
Is 2793486696 a multiple of 56?
True
Is 71523405 a multiple of 37?
True
Is 2601433 a multiple of 300?
False
Is 377429864 a multiple of 56?
True
Does 40 divide 1220416468?
False
Is 206370444 a multiple of 84?
True
Is 1085027524 a multiple of 394?
False
Is 13 a factor of 193094200?
True
Is 88 a factor of 180017376?
True
Does 5 divide 178898642?
False
Does 27 divide 4646785?
False
Is 180 a factor of 71505180?
True
Does 1076 divide 523164293?
False
Does 7 divide 125756862?
True
Does 3312 divide 202542111?
False
Is 210118888 a multiple of 403?
False
Does 1338 divide 179869681?
False
Is 83 a factor of 199669282?
True
Does 159 divide 338001696?
False
Is 44099523 a multiple of 37?
True
Does 4957 divide 357270818?
True
Does 97 divide 38717744?
True
Does 11 divide 1401865344?
True
Is 4204 a factor of 457204452?
False
Does 7897 divide 2005920932?
False
Is 44896818 a multiple of 386?
True
Is 900603900 a multiple of 350?
True
Is 135297762 a multiple of 266?
False
Does 139 divide 278477962?
False
Does 28 divide 694050000?
True
Is 47 a factor of 2020606845?
True
Does 91 divide 228598527?
False
Does 386 divide 45967196?
True
Is 393 a factor of 705435?
True
Does 246 divide 5140339?
False
Is 24456280 a multiple of 1454?
True
Does 250 divide 415749986?
False
Is 1392532 a multiple of 97?
True
Is 87709773 a multiple of 35?
False
Does 72 divide 50764176?
True
Does 94 divide 246681474?
True
Is 15 a factor of 105242668?
False
Is 9032775 a multiple of 2175?
True
Is 301 a factor of 472444865?
False
Is 1372 a factor of 44408879?
False
Does 384 divide 21166355?
False
Is 470 a factor of 6970570?
True
Does 963 divide 35069571?
True
Is 64 a factor of 27253184?
True
Is 50802902 a multiple of 22?
False
Is 823566690 a multiple of 54?
True
Is 289551430 a multiple of 466?
True
Is 689 a factor of 205192468?
True
Does 304 divide 18087875?
False
Is 57094334 a multiple of 13?
False
Is 5 a factor of 9054990?
True
Is 30824778 a multiple of 12?
False
Does 52 divide 4990076?
True
Does 427 divide 50622052?
False
D